{"id":296,"date":"2021-01-04T12:03:50","date_gmt":"2021-01-04T12:03:50","guid":{"rendered":"https:\/\/obed.works\/?page_id=296"},"modified":"2021-01-04T12:03:52","modified_gmt":"2021-01-04T12:03:52","slug":"tri-obet-pricevanje-jasmina","status":"publish","type":"page","link":"https:\/\/obed.works\/?page_id=296","title":{"rendered":"Tri: Obet: Pri\u010devanje: Jasmina"},"content":{"rendered":"\n<p>&#8220;Waw to je pa res <a href=\"https:\/\/obed.works\/?page_id=245\">lepo<\/a>! Jaz bi administrirala naslednje leto. In \u010de ste res za, in vas moje tavanje in metanje predlogov v meglenih tipanjih, navdihuje ter pomaga, sem z veseljem z vami! Sem res razmi\u0161ljala\u00a0o tem, \u010desa <a href=\"https:\/\/obed.works\/?page_id=240\">nisem vidla<\/a> in tudi o nekih svetovih, ki sem jih <a href=\"https:\/\/obed.works\/?page_id=271\">ujela s pogledom<\/a>.\u00a0<\/p>\n\n\n\n<p>Po\u0161ljem fotografije, le moram se sprehodit po njih, ker se ponavljajo, pa da bodo poslane le lepe. Kak\u0161no pa lahko morda \u0161e <a href=\"https:\/\/obed.works\/?page_id=293\">sfriziramo<\/a>, \u010de vam bo v\u0161e\u010d.&#8221;<\/p>\n\n\n\n<p>Jasmina Zalo\u017enik, iz e-mail korespondence<\/p>\n","protected":false},"excerpt":{"rendered":"<p>&#8220;Waw to je pa res lepo! Jaz bi administrirala naslednje leto. In \u010de ste res za, in vas moje tavanje in metanje predlogov v meglenih tipanjih, navdihuje ter pomaga, sem z veseljem z vami! Sem res razmi\u0161ljala\u00a0o tem, \u010desa nisem vidla in tudi o nekih svetovih, ki sem jih ujela s pogledom.\u00a0 Po\u0161ljem fotografije, le [&hellip;]<\/p>\n","protected":false},"author":1,"featured_media":0,"parent":0,"menu_order":0,"comment_status":"closed","ping_status":"closed","template":"","meta":[],"_links":{"self":[{"href":"https:\/\/obed.works\/index.php?rest_route=\/wp\/v2\/pages\/296"}],"collection":[{"href":"https:\/\/obed.works\/index.php?rest_route=\/wp\/v2\/pages"}],"about":[{"href":"https:\/\/obed.works\/index.php?rest_route=\/wp\/v2\/types\/page"}],"author":[{"embeddable":true,"href":"https:\/\/obed.works\/index.php?rest_route=\/wp\/v2\/users\/1"}],"replies":[{"embeddable":true,"href":"https:\/\/obed.works\/index.php?rest_route=%2Fwp%2Fv2%2Fcomments&post=296"}],"version-history":[{"count":1,"href":"https:\/\/obed.works\/index.php?rest_route=\/wp\/v2\/pages\/296\/revisions"}],"predecessor-version":[{"id":297,"href":"https:\/\/obed.works\/index.php?rest_route=\/wp\/v2\/pages\/296\/revisions\/297"}],"wp:attachment":[{"href":"https:\/\/obed.works\/index.php?rest_route=%2Fwp%2Fv2%2Fmedia&parent=296"}],"curies":[{"name":"wp","href":"https:\/\/api.w.org\/{rel}","templated":true}]}}